mmon factor of z and u?
6
Let y = 4623 + -4598. Let b = 0 + 15. What is the greatest common factor of b and y?
5
Suppose -p - 65 = -6*p. Suppose 0 = z + 5*r - 81 - 48, 5*r + 183 = 2*z. What is the greatest common divisor of p and z?
13
Let b = -7 + 13. Let k be (-168)/(-9) + 14/(-21). What is the greatest common factor of k and b?
6
Let c be (3 + -6)/6*-72. Let x(q) = -q**2 + 13*q - 9. Let k be x(9). Let a = -18 + k. What is the greatest common factor of c and a?
9
Suppose 2*f + 5*i = 50, 52 = 5*f + 4*i - 107. Calculate the greatest common divisor of 185 and f.
5
Let f be (-3)/4 - 165/(-44). Let c be 6*(1 + f/9). Suppose 3*j + 2*p = 42 - c, j = -2*p + 14. What is the greatest common factor of j and 10?
10
Suppose 5*c + 406 = -144. Let l = c + 122. Let m be 2*3*(-2)/(-1). Calculate the highest common factor of m and l.
12
Let p = -1864 + 2267. What is the greatest common divisor of p and 26?
13
Let y(i) = 74*i + 1. Let l be y(1). Suppose -5*r = -5*j + l, r + 72 = 4*j + 9. What is the highest common factor of j and 72?
8
Suppose 0 = -3*t - 3*l + 867, t + 14*l - 295 = 11*l. Calculate the highest common divisor of t and 91.
13
Let h be 1 + -1*22/2. Let z be 112/(-5) + (-4)/h. Let w = 26 + z. Calculate the highest common factor of 32 and w.
4
Let s(q) = -11*q + 20. Let g be s(5). Let f be (-90)/g*(-2 + 16). Calculate the highest common factor of 18 and f.
18
Let d(y) = -y**3 + 11*y**2 - 15*y - 3. Let j be d(11). Let m = 56 + j. Let a be m/(-20) + 2/5. What is the highest common factor of 66 and a?
6
Suppose 5*d - 20 = l + l, 0 = -3*d - 3*l - 9. Suppose -4*p - d*a + 30 = 0, 3*p - 2 = 5*a + 40. Calculate the highest common divisor of p and 1.
1
Let o(k) = 4*k + 24. Let n be o(-4). Suppose 2*d - 10 = 0, -d + 5*d = 3*m - 40. Calculate the highest common divisor of n and m.
4
Let k(c) = 2*c + 13. Let o be k(-8). Let j be 17 - (o/(-3))/(1 + 0). What is the highest common factor of 12 and j?
4
Let v be 0 + (-8)/(-2) - 1. Let a be (-12)/v*1*-34. What is the greatest common factor of a and 17?
17
Suppose -6*f = -27 - 93. Calculate the greatest common divisor of f and 220.
20
Let v = -23 + 37. Let q(h) = -2*h + 67. Let t be q(v). Calculate the highest common divisor of 429 and t.
39
Let a be (-102)/(-3) + 1/1. Let t = 467 - 453. Calculate the greatest common divisor of t and a.
7
Let n be (2/3)/((-2)/(-27)). Let o = 38 + -20. What is the greatest common divisor of n and o?
9
Let c(k) = 8*k - 5*k - 4 + 3 - 4*k. Let f be c(-5). Let a be (-1 - 8/(-4)) + f. Calculate the highest common divisor of 15 and a.
5
Let m = 190 - 179. Calculate the highest common factor of m and 121.
11
Let f(b) = 0 - 7 - 7*b**2 + 18*b + 0*b**2 + 6*b**2. Let c be f(16). What is the highest common factor of 175 and c?
25
Let h be (-4)/(-60)*3 + 3772/115. Let j = 8 + 3. What is the greatest common divisor of j and h?
11
Suppose -19*n + 6890 = -6*n. Calculate the highest common factor of n and 5.
5
Let r = -75 + 101. Let c(l) = -l**2 + 38*l - 62. Let z be c(r). Calculate the greatest common factor of z and 10.
10
Let d be 24/9*(23 - -1). Let j(y) = y**2 - 31*y - 296. Let o be j(39). What is the highest common divisor of o and d?
16
Suppose -2*h = -8, -2*h + 9 = 2*n - 3. Let j be -1 - n/(32/12)*-16. Calculate the greatest common divisor of j and 33.
11
Let w(v) = -4*v**3 - 40*v**2 - 37*v + 2. Let o be w(-9). What is the highest common factor of o and 33?
11
Let g = 96 - 56. Suppose -4*l = -y + 40, 2*y = 12 - 4. Let i(o) = o**3 + 10*o**2 + 8*o + 1. Let c be i(l). Calculate the greatest common divisor of g and c.
10
Let t be ((-8)/(-20) + 0)/(2/230). Suppose t = 3*h - 92. What is the highest common divisor of 230 and h?
46
Suppose 0 = -5*n + 4*n - 4*y + 1618, y + 3191 = 2*n. What is the greatest common factor of n and 102?
34
Suppose -98 + 38 = -5*z. Let m(u) = u**3 - 6*u**2 + 51*u - 206. Let g be m(5). What is the highest common factor of g and z?
12
Suppose -2*n + 29 = 5*c, 3*n - c - 6 = 4*c. Suppose -8*x + 40 = -n*x. What is the greatest common divisor of 16 and x?
8
Let x be 0 + 7/(7/36). Let q(l) = 4*l + 3. Let m(y) = y. Let a(h) = 15*m(h) - 3*q(h). Let b be a(7). What is the greatest common factor of x and b?
12
Suppose 704*m - 707*m + 12 = 0. Let b = -30 + 58. Calculate the highest common divisor of m and b.
4
Let w be -5*(-1 + (-3 - -3)). Suppose 153 = 12*l + w*l. Calculate the highest common divisor of l and 6.
3
Suppose -4*d = -9 - 7. Suppose -68 = -d*s + 4*y, -y + 55 = 4*s - 8. Suppose -5*n = 1 - s, -9 = o - 5*n. Calculate the highest common divisor of 2 and o.
2
Let q = 3241 - 2900. Calculate the highest common divisor of q and 124.
31
Let r = 857 + -848. Suppose 13 = m + 2*g - 9, 0 = 4*g - 12. Suppose -u + 106 = m. What is the greatest common divisor of r and u?
9
Let l be (-497)/(-5) + (-6)/15. Let p(d) = 8*d - 231. Let f be p(30). What is the greatest common factor of f and l?
9
Suppose 0 = 2*b - 0 + 2, 0 = 2*c + b + 45. Let q = c + 35. What is the highest common divisor of 117 and q?
13
Let h(y) = y**3 + 20*y**2 - 20*y + 18. Let k be h(-21). Let w(s) = 4*s + 2 - 3 - 5*s. Let a be w(k). What is the greatest common divisor of 6 and a?
2
Let q be -4 - 4740/(-54) - (-6)/27. Calculate the highest common factor of 12 and q.
12
Let w = 504 + -364. What is the greatest common factor of 10 and w?
10
Suppose 0 = 5*c - p - 0*p - 1170, -p = 0. Let a(o) = o + 37. Let g be 8/(-36) - (-97)/(-9). Let j be a(g). Calculate the highest common divisor of c and j.
26
Let z be 6/21 + (-1256)/(-14). Let u be (-2)/(-12)*(42 + 48)*3. Calculate the greatest common divisor of z and u.
45
Let f = 296 - 177. Let d(s) = -s**3 + 14*s**2 - 11*s - 9. Let t be d(13). What is the greatest common divisor of t and f?
17
Let m(z) = z**3 + 14*z**2 + 27*z - 5. Let g be m(-11). What is the greatest common factor of g and 1891?
61
Suppose -4*m + 402 + 23 = -3*c, 3*m - 315 = c. What is the highest common factor of 8 and m?
8
Suppose -4*w = -9*w + 1695. Let v = w - 240. Calculate the highest common factor of v and 9.
9
Let m(u) = -2*u**3 - 3*u**2 - u - 2. Let o be m(-2). Suppose o*g - 4*x - 20 = 0, -1 + 21 = 5*x. Calculate the greatest common divisor of 12 and g.
3
Let u = -320 + 328. Calculate the greatest common divisor of u and 152.
8
Let q be -4 + 0 + 13 + -4. Suppose 0 = 4*z - 8, 2*y + 0*y - 376 = q*z. Let p = -49 + y. What is the greatest common divisor of p and 16?
16
Let i = -62 - -89. Let r = i - 59. Let c = r + 82. Calculate the highest common divisor of 5 and c.
5
Let i = 52 + -50. Let b(c) = 3*c**2 + c - 1. Let r be b(3). Let s = r + -7. Calculate the highest common divisor of i and s.
2
Let v(i) = 18 + 4*i + 2*i - 9*i + i + i**3. Let f be v(0). Calculate the highest common divisor of 126 and f.
18
Let r be (12/(-2))/((-74424)/(-4656) + -16). Calculate the highest common factor of r and 4.
4
Suppose 3*o - 10 = 38. Let c be 1269/9 - (-12)/4. What is the highest common divisor of c and o?
16
Let d(b) = -6*b. Let h(v) = v**2 + 11*v + 8. Let x be h(-9). Let l be d(x). Calculate the highest common divisor of l and 15.
15
Let v = 176 - 140. What is the greatest common factor of 126 and v?
18
Let y be (-3)/12 - 49/(-4). Let f = y + 3. Suppose 0 = -39*w + 38*w + 150. What is the greatest common divisor of w and f?
15
Let z(v) = -2*v**3 - 15*v**2 - 16*v + 9. Let i be z(-11). What is the greatest common factor of 24 and i?
24
Suppose -72*y + 1159 = -65. Let g(n) = 3*n + 2. Let i be g(5). What is the highest common divisor of i and y?
17
Let b = 21 - 25. Let j(o) = 5*o**2 + 6*o. Let p be j(b). Suppose -3*i = 3*f - 33, -2*f = -f + 4*i - 20. What is the highest common factor of f and p?
8
Let x be (-72)/(-54)*(-78)/(-4). Let c = x + -23. What is the greatest common factor of c and 2?
1
Let v(t) = -22*t - 72. Let f be v(-11). What is the highest common factor of 34 and f?
34
Let l(t) = 3 + 27 - 2*t + 41*t**2 - 39*t**2. Let b be l(0). Calculate the highest common factor of 45 and b.
15
Let r be (-6)/(-27) - 2512/(-36). Let c(j) = -22*j + r - 74 + j. Let d be c(-4). Calculate the highest common divisor of 10 and d.
10
Suppose 4*q - 2*m = -134, 0 = 3*q + 2*m + 25 + 93. Let x = 56 + q. What is the greatest common divisor of 4 and x?
4
Suppose 0 = 4*c - x - 241, -2*x = -4*c - 144 + 386. Calculate the highest common factor